 (-56)/4)/(-2). Let i(k) = -k**3 + 2*k**2 - 2*k + 5. Determine i(u).
5
Let j(x) = -36*x**3 - 2*x**2 - x + 2. Let g = -1400 + 1401. Give j(g).
-37
Let s be 638/14 + 6/14. Let n = s - 44. Let o(f) = -f + 1. Let c(b) = -2*b**2 + b + 5. Let z(h) = n*o(h) - c(h). Determine z(-2).
11
Let m(g) be the second derivative of g**3/3 + 5*g**2/2 - 12*g - 3. Suppose 56 = 3*d + 4*c, -d - 3*c + 29 = 2. Let q = d + -16. What is m(q)?
-3
Let f(n) = 970*n**3 - 969*n**3 - 2*n + 2120 - 2121. Let w(l) = -l + 1. Let x be w(2). What is f(x)?
0
Let o(s) = -s**3 - 3*s**2 - 5*s. Let g be o(-3). Suppose -27 - 48 = g*m. Let i(l) = -l**3 - 5*l**2 + 3*l + 7. Determine i(m).
-8
Let c(a) = 2*a**2 - 15*a - 71. Let p(j) = -5*j**2 + 46*j + 194. Let k(s) = -8*c(s) - 3*p(s). Determine k(0).
-14
Let c(j) = 39*j**2 + 6*j + 5. Let i(x) = -7*x**2 - 2*x - 1. Let v(s) = -2*c(s) - 11*i(s). What is v(-3)?
-38
Suppose -8*h + 293 = 85. Let s(b) = -2 - h*b - 6 + 20*b + b**2. Give s(6).
-8
Let t(o) = 4 + 1 - o**2 - 2965*o + 2971*o + 4 + 0*o**2. Determine t(11).
-46
Let o(f) = 0*f**2 + 151 + 155 - 309 - f**3 + 0*f**2 - 7*f**2 - f. What is o(-7)?
4
Let n(l) = -5*l**3 - 46*l**2 - 5*l + 22. Suppose 3*z = -2*q - 25, -4*q - 26 = z - 21. Determine n(z).
-14
Let b be -1 + (-12)/(-8)*2. Let j(y) = 19*y**b - 9*y - 61*y**2 - y**3 + 23*y**2 + 8 + 26*y**2. What is j(6)?
-10
Let x(w) = -w + 4. Let i(r) = -r**2 + 13*r + 61. Let o be i(20). Let j be 7*((-6)/(-3) + -15). Let q = o - j. Determine x(q).
-8
Suppose 14171*a - 14188*a + 51 = 0. Let j(p) = -5*p**2 - p - 7. Give j(a).
-55
Let h(x) be the second derivative of x**4/12 + 5*x**3/3 - 49*x**2 + 6*x - 169. Determine h(-16).
-2
Let h(b) be the third derivative of b**6/120 - 2*b**5/15 - 11*b**4/24 - b**3/6 - 671*b**2. Give h(9).
-19
Let d(l) = l**3 - 6*l**2 - 3*l - 4. Let z(f) = -7*f - 6 + 7*f + f**2 + 3*f**2 + 10*f - 2*f**2. Let p be z(-6). What is d(p)?
-22
Let b be 42/4*(-1 - (-5)/15). Suppose 5*g - 4*g = 1. Let z(q) = -g + 26*q + 24*q - 52*q. Give z(b).
13
Let n(r) = r**3 + 2*r**2 - 8*r + 2. Let z(t) be the third derivative of -t**6/40 - t**5/20 - t**4/12 + 2*t**3/3 - 8*t**2 + 9. Let y be z(1). Determine n(y).
2
Let u(b) be the third derivative of -b**6/120 + 7*b**5/60 + 7*b**4/24 + 7*b**3/6 - 134*b**2 - 2. Let k = 22 + 2. Suppose k = 2*d + d. Calculate u(d).
-1
Let c(k) = k**3 - 7*k**2 - 6*k + 6. Let z(a) be the second derivative of -a**4/12 - 11*a**3/6 + 46*a. Let q be z(-17). Let h = 110 + q. Determine c(h).
22
Let k(r) be the third derivative of -5*r**4/8 + r**3/6 + 2595*r**2. What is k(2)?
-29
Let g be -3*(1/(-3) - -1). Let u = 172 - 170. Let r(t) = -5749*t**2 - 1 + 2882*t**2 + 2874*t**u + 2*t. Determine r(g).
23
Let g(a) = a**2 - 10*a - 226. Let u be (-3)/((-728)/(-49) - 15). What is g(u)?
5
Let f(k) = -9*k + 9. Let m(q) = q**3 + 24*q**2 - 58*q - 153. Let o be m(-26). Calculate f(o).
-18
Let u(w) = w**3 + 3*w**2 - 2*w. Suppose 0 = -8*t - 33 + 353. Let h = t - 34. Let z be (1/(h/4))/((-2)/9). Determine u(z).
6
Let k(y) = 7*y + 0*y**3 + 0*y**2 - y**3 + 0*y**2 + 4*y**2 + 6. Let z be (-89)/(-12) + 15/(-20) + (-12)/18. Give k(z).
-24
Let d = -59 - -72. Let w(r) = d - 15*r**2 + 8*r + 6*r**2 + r**3 - 5. Suppose -m + 2*f + 12 = 0, -25*f = 2*m - 22*f - 10. Give w(m).
8
Let z(w) = -3*w - 53. Let u be z(-18). Suppose -17 - u = -9*j. Let n(b) = -3*b**2 + 2*b**j + b + 5 + 0*b**2 + 2*b**2. Determine n(0).
5
Let y(p) be the third derivative of 11*p**6/120 - p**5/60 + p**4/12 + p**3/3 + 1552*p**2. Give y(-1).
-12
Let u(r) = -r**2 + 8*r - 13. Let c be u(5). Let p(i) = -i - 2 - c*i - 4 + 4 - i**2. Determine p(-5).
-12
Let u(b) be the third derivative of -2*b**2 - 5/6*b**3 + 100*b + 1/8*b**4 + 0. Let g be 4*(0 + (-3)/(-2)). Determine u(g).
13
Let f(q) = 352 + 381 - 734 + 2*q**2 - 76*q**3. Give f(-1).
77
Let i = -37318 - -37319. Suppose 10*c - 22 = 5*c - 3*g, -18 = -5*c - 2*g. Let h(d) = 2*d + 5*d**c - 1 + 2*d**2 - 4*d**2. Give h(i).
4
Let t = -175 + 180. Let x(f) = f**3 + 470 + 4*f**2 - 934 - t*f + 470. What is x(-5)?
6
Let d be (-10)/(-10)*(-1 - -1). Suppose 4*f - z - 293 = d, -2*z = 3*f - 104 - 102. Let c = -80 + f. Let p(g) = -g - 12. Give p(c).
-4
Let x(p) be the third derivative of 5/6*p**3 + 0 - 1/8*p**4 + 0*p - 82*p**2. Give x(-3).
14
Let h(l) be the third derivative of -l**6/60 + 59*l**5/60 + 29*l**4/24 + 13*l**3/3 + 121*l**2. What is h(30)?
-4
Suppose -56*v + 91 = -973. Let k(i) = -i**3 + 19*i**2 - i + 6. Determine k(v).
-13
Let p(j) = 420*j - 183. Let v(w) = 77*w - 36. Let b(d) = 2*p(d) - 11*v(d). What is b(7)?
-19
Let w(q) = -17*q**2 + 21*q - 7. Let r(k) = -4*k**2 + 5*k - 2. Let o(b) = -9*r(b) + 2*w(b). Suppose -7905 = -8*v + 15*v - 7926. Give o(v).
13
Let r(j) = -5*j. Let p(t) = -3*t - 1. Let i be p(4). Let w be (3/4)/(((-52)/(-80))/(-13)). Let a = w - i. Determine r(a).
10
Let n(y) = 80*y - 667. Let g(u) = -481*u + 4014. Let l(d) = 6*g(d) + 37*n(d). Give l(8).
-3
Let y(t) be the first derivative of -3*t**3 - t - 758. Let p(w) = -3*w + 5. Let g(q) = -4*q + 4. Let v(h) = 4*g(h) - 5*p(h). Let u be v(-8). Calculate y(u).
-10
Let z(q) = q**3 - 17*q**2 + 31*q - 3. Let s be z(15). Let d(n) = -n**2 + 10*n - 12. Calculate d(s).
-36
Let f be 666/296*(3 + 1). Let j(r) = 2*r**2 - 25*r + 63. Determine j(f).
0
Let l(w) = -5*w - 41. Let d(r) = 9*r + 70. Let z(b) = 3*d(b) + 5*l(b). Determine z(-3).
-1
Suppose 11*a = 2*p + 9*a - 2, 5*p = 3*a + 7. Let r(b) = 19*b**2 - 4. Determine r(p).
72
Let s(l) be the second derivative of l**3/6 - l**2/2 + 12*l. Suppose 64 = 8*o - 0. Suppose 5*n = 3*d + 39, d - 3*n + 9 = -o. Calculate s(d).
-9
Suppose -3*m = 0, -3*p - 3*m - 7*m - 5*m = 21. Let y(k) be the second derivative of -k**3/6 + k**2 + 2*k. Determine y(p).
9
Let t(l) = -21*l + 2657. Let q be t(128). Let r(f) = f + 59. Calculate r(q).
28
Let b(h) = -3*h + 4*h + h**3 - 4*h**2 + 3*h - 2*h + 0*h**3. Suppose 10 = 5*r - 5. Let q be b(r). Let a(n) = -3*n**2 - 2*n + 3. Calculate a(q).
-18
Suppose 0 = -297*z + 280*z + 34. Let v(s) = -s**3 + 5*s**2 + 3*s + 2. Let d be v(5). Let x(y) = -z*y - d - 4*y + 15 + 5*y. Calculate x(0).
-2
Let n(w) = -w**2 + 9*w - 4. Let m(t) be the second derivative of -t**4/12 + 13*t**3/6 + 4*t**2 - 2*t. Let k be m(9). Let y = 50 - k. Give n(y).
14
Suppose -5*m + 2*k - 125 = 3*k, 14 = -m + 2*k. Let y be (-1*279/9)/(-1). Let g = m + y. Let d(b) = b**3 - 6*b**2 - 4*b - 6. What is d(g)?
15
Let t = 373 - 369. Let n(y) = 10*y**3 - 9*y**2 + 9*y - 11. Let a(p) = 5 - 5*p**3 + p - 3*p - 2*p + 2*p**2 + 2*p**2. Let j(l) = t*n(l) + 9*a(l). Determine j(1).
-4
Let f(k) = -k**3 - 4*k**2 + 5*k + 6. Suppose -10*p - 21*p - 72 = -19*p. Calculate f(p).
48
Let b(l) = 8*l + 77*l**2 + 31 + 67*l**2 - 15*l - 145*l**2. What is b(-9)?
13
Let r(o) = o**2 + 3*o + 5. Let f(z) = -2*z**2 - 6*z - 11. Let a(m) = -2*f(m) - 5*r(m). Suppose -2*u = -2*c - 6, -6*u + 10*u + c + 18 = 0. Calculate a(u).
-3
Suppose 6 = -550*i + 553*i - a, -2*i = -2*a - 4. Let l(z) = -8*z + 2. Let g(b) = -16*b + 4. Let n(o) = 3*g(o) - 5*l(o). Give n(i).
-14
Let x(j) = -14 - 21 - 12 - 3*j - 18 + 1. What is x(-21)?
-1
Let y(k) = -10*k**2 + 19*k + 16. Let x(z) = 43*z**2 - 77*z - 63. Let b(t) = 3*x(t) + 13*y(t). Calculate b(18).
-17
Let a(t) = -t**3 + 3250*t**2 + 3255*t**2 - 6513*t**2 - 9 + 7*t. Suppose 9*g + 45 = 4*g. Calculate a(g).
9
Let i(c) = -18*c - 38. Let m(v) = v + 6. Let z(f) = i(f) + 9*m(f). Give z(-8).
88
Suppose x + 1313 - 1308 = 0. Let w be 16*(-30)/12*2/x. Let a(y) = -2*y + 21. What is a(w)?
-11
Let i(a) = -a**3 + 8*a**2 + 8*a + 13. Suppose -235*w + 873 = -226*w. Suppose -11*m + 2 = -w. Determine i(m).
4
Let l(f) = -f**3 - 5*f**2 + 4. Let t(g) = -g**3 - 6*g**2 + 5. Let x(u) = 5*l(u) - 4*t(u). Let p be (-28)/(-18) - (-20723)/(-8109). What is x(p)?
0
Let i be (-3)/(-8) - 418/176. Let a(g) = 5*g + 4. Calculate a(i).
-6
Let d(k) = 40*k**2 + 3*k + 2. Suppose 265*n = 290*n + 25. Give d(n).
39
Let r(k) = 21*k**3 + 17*k**2 - 53*k - 10. Let o(h) = -2*h**3 - 2*h**2 + 6*h. Let y(g) = 8*o(g) + r(g). Calculate y(-2).
-36
Let k(y) = -2*y**3 + 9*y**2 + 2*y - 11*y**2 - 1 + 0*y + 13*y**2 + 3*y. Let c(u) = -u**3 + 9*u**2 + 4*u + 1. Let l(x) = -3*c(x) + 2*k(x). Calculate l(-4).
-13
Let v = 95 - 93. Let u(w) = -w**3 + 12 + 2 + 7*w**2 + 17 + v*w - 39. What is u(7)?
6
Suppose 7*i = 3*i + 96. Suppose -i = 13*d - 17*d. Suppose -24